 ((-3)/(-9))/(3/387) is divided by 15.
11
Suppose 0 = l + 29 - 73. What is the remainder when l is divided by 9?
8
Suppose -3*i + 15 = -9. What is the remainder when 28 is divided by i?
4
Let i(n) = n + 2. Let w(d) = 2*d + 5. Let f(o) = 11*i(o) - 6*w(o). Calculate the remainder when 13 is divided by f(-13).
3
Suppose -p = -8 - 7. What is the remainder when (4 + -5)/(2/(-56)) is divided by p?
13
Let c = 91 - 14. What is the remainder when c is divided by 16?
13
Suppose 0*m - 98 = -m. Calculate the remainder when m is divided by 20.
18
Suppose 3*j = 5*m - 3*m + 52, 0 = 3*j - m - 53. Suppose 150 = 2*t + 130. Calculate the remainder when j is divided by t.
8
Let x be 3/6 + 42/4. Suppose p - 4 - x = 0. What is the remainder when 43 is divided by p?
13
Let f(y) = 4*y**2 + 39*y - 1. What is the remainder when 97 is divided by f(-10)?
7
Suppose -260 = 2*w - w. Calculate the remainder when 42 is divided by w/(-12) - (-1)/3.
20
Let j(s) be the second derivative of s**4/12 + s**3/6 + s**2 - 3*s. What is the remainder when j(0) is divided by (1 + 8/(-6))*-6?
0
Let a = -33 + 50. Suppose -4*u + x = -127, -4*x - 11 = -u + 17. Calculate the remainder when u is divided by a.
15
What is the remainder when 12*(2*-4)/(-4) is divided by (-36)/10*20/(-8)?
6
Suppose 4*n + 4*f - 63 = 317, 2*f = n - 92. Calculate the remainder when n is divided by 24.
22
Let w(z) = -13*z**2 + z - 2. Let v be w(2). Let y = -30 - v. What is the remainder when y is divided by (36/15)/((-6)/(-20))?
6
What is the remainder when 13 is divided by ((-2)/4)/(3/(-30))?
3
Let j be (7/14)/(2/20). Let b(h) = -h - h - 7 + 4*h. Calculate the remainder when b(j) is divided by 2.
1
Let q(a) = -a**3 + 5*a**2 + 7*a - 2. Let h be q(6). Suppose -5*n - 2*r = -255, -3*n + r - 54 = -h*n. What is the remainder when n is divided by 13?
10
Let l = -9 + 12. Suppose -y - y = -4*b - 102, -3*y - l*b = -126. What is the remainder when y is divided by 12?
9
Let r = -277 + 396. What is the remainder when r is divided by 30?
29
Suppose -t + 1 = 0, 0*v - 4*t = v - 56. Let i = v + 42. Calculate the remainder when i is divided by 32.
30
Let u = -61 - -92. What is the remainder when u is divided by (-11 + 0)*(-1 - 0)?
9
Suppose -88 = -3*t - p, 0 = 5*t + 3*p + 2*p - 160. What is the remainder when t is divided by 6?
4
Let s(t) = 2*t**3 - 3*t + 1. Let l be 9/4 + 1/(-4). Calculate the remainder when 32 is divided by s(l).
10
Let x be -31*(2 - 15/3). Suppose x = 5*f + 13. What is the remainder when f is divided by 9?
7
Let j(n) = -6*n**3 + 4*n**2 + 2*n + 3. Let q be j(4). Calculate the remainder when q*(-4)/24*2 is divided by 26.
25
Let o = 94 + -74. Calculate the remainder when 79 is divided by o.
19
Suppose -12 = 4*s, s = -3*c + 2*c + 8. Suppose 5 = -3*b + 5*k + 72, 4*k + 65 = 3*b. What is the remainder when b is divided by c?
8
Let n = -101 + 103. Suppose -2*f = 3*f - 35. Calculate the remainder when f is divided by n.
1
Suppose 0 = 26*g - 23*g - 42. Calculate the remainder when 23 is divided by g.
9
Let y be (4/(-4))/((-2)/30). What is the remainder when 28 is divided by 5/y + 58/6?
8
Let z = 73 - 41. Calculate the remainder when z is divided by 7.
4
Suppose 0 = -3*c - 2*z + 25, c + 0*c + z = 10. Suppose 5*j = j - 4*b - 4, -2*j + 26 = -c*b. What is the remainder when 5 is divided by j?
2
Let a be (-282)/(-30) + (-4)/10. Suppose 0 = 6*d - a*d + 45. Calculate the remainder when 44 is divided by d.
14
Suppose -5*v + 7 = -8. Calculate the remainder when 7 is divided by v.
1
Let m = 10 + -9. Suppose -4*r + 1 = -5*y, -2*r = -5*y + 3*r - 5. What is the remainder when y is divided by m?
0
Suppose 7*u - 4*q = 4*u - 7, -q - 8 = -4*u. Suppose -u*t = -8*t + 155. Suppose 3*x = 4*x - t. Calculate the remainder when x is divided by 11.
9
Suppose 2*j + 10 = j. Calculate the remainder when 2 is divided by (8/j)/(6/(-15)).
0
Let d(w) be the third derivative of 0*w + 0 - 3/8*w**4 + 2*w**2 + 0*w**3. What is the remainder when 34 is divided by d(-2)?
16
What is the remainder when (-4)/((-20)/175) - 2 is divided by 17?
16
Let o = 29 + -16. What is the remainder when (o + 0/(-3))*2 is divided by 9?
8
Suppose -2*z + 42 - 18 = 0. Let r = 23 + -16. Suppose 3*t - r*t = -88. What is the remainder when t is divided by z?
10
Suppose 4 + 4 = -4*b, 3*c - 13 = 5*b. Let w be 4/c*1/(-2). Let y = w - -5. What is the remainder when 5 is divided by y?
2
Suppose -2*f = -53 - 23. Calculate the remainder when f is divided by 13.
12
Suppose 4*o - 16 = 3*p, -5*o - 2*p + 26 = -17. Suppose -4*l + 36 = -2*l. Let c = l + 1. What is the remainder when c is divided by o?
5
Let g(s) = -s**2 + 11*s - 12. Let i be g(9). Suppose -5*u + 4*o = 25, -o + i - 2 = u. What is the remainder when ((-2)/(-6))/(u/(-57)) is divided by 5?
4
Suppose 4*l - 38 - 210 = 0. Calculate the remainder when l is divided by 13.
10
Let p = -40 + 65. Calculate the remainder when p is divided by 7.
4
Let k be 158/18 - 8/(-36). Suppose 0 = -5*s - 4*y + 17, 0 = 3*s - 2*y - 19. Let c = k + s. Calculate the remainder when 26 is divided by c.
12
Calculate the remainder when 3 is divided by (2 + (-4 - 0))*(-18)/12.
0
Suppose -9*z + 36 + 99 = 0. What is the remainder when 87 is divided by z?
12
Suppose c = -0*q - 3*q + 45, 3*c - 2*q - 91 = 0. Let n = c + -22. Calculate the remainder when n is divided by 4.
3
Let x(g) = -2 - 2 + g - 2 + 0*g. Calculate the remainder when x(13) is divided by 20/8*(-4)/(-5).
1
Suppose 30 = u + 2*l + 2*l, 2*l = u. Let c = u + -4. What is the remainder when 22 is divided by c?
4
Let g = -2 + 24. Suppose 2*y = -2 + 26. What is the remainder when g is divided by y?
10
Let v(i) be the second derivative of -3*i**5/20 - i**4/4 + i**2 + i. What is the remainder when v(-2) is divided by 5?
4
Suppose 0 = -3*z + 2*t + 21, -2*t - 2*t - 14 = -2*z. Let i = 17 - z. Let b(a) = 3*a - 2. Calculate the remainder when i is divided by b(2).
2
Suppose 2*x - v - 46 = 0, 5*v - 2 + 12 = 0. Let u = 12 - 0. Calculate the remainder when x is divided by u.
10
Let k be (-5)/20 - (-2)/8. Suppose -3*x = -k*x. Suppose -3*l - l + c + 61 = x, 2*l + 3*c = 27. What is the remainder when 27 is divided by l?
12
Let y = 31 - 28. Suppose -5*k - 9 = 3*o, 11 = o - k - 2*k. What is the remainder when y is divided by o?
1
Let d = -59 + 129. Suppose -2*f + d - 10 = -z, -4*z = -5*f + 150. Calculate the remainder when 89 is divided by f.
29
Let u(y) = 5*y. Let i be u(-1). Let t = i - -18. Calculate the remainder when 23 is divided by t.
10
Let u(t) = -t**3 + 13*t**2 + t - 2. Calculate the remainder when 29 is divided by u(13).
7
Let g be 1/(-2)*14 - -1. Let u = 21 + g. What is the remainder when 44 is divided by u?
14
Let d be (-1)/(-2) + 20/8. Suppose 4*t - 6 = -d*o - 21, -t - o = 5. Suppose 0 = -t*a - a + 4. Calculate the remainder when 11 is divided by a.
3
Let a be ((-3)/6)/(2/(-284)). Suppose 0 = 5*v - a + 11. What is the remainder when 47 is divided by v?
11
Calculate the remainder when 35 is divided by (-40*1/(-7))/((-4)/(-14)).
15
Let l(c) = -c**3 - c**2 + c + 26. Let i be l(0). Suppose -4*q + 169 = 6*y - y, -177 = -5*y - 2*q. What is the remainder when y is divided by (-1)/(-1 + 24/i)?
11
Let f be (-2)/(-6)*0 + 0. Suppose -5*t + 105 = -f*t. Suppose -2*y = -7*y + 55. Calculate the remainder when t is divided by y.
10
Let a(k) = k**3 - 9*k**2 + 2*k. Let b(p) = 3*p**3 - 19*p**2 + 4*p. Let i(x) = -5*a(x) + 2*b(x). What is the remainder when i(-7) is divided by 8?
6
Suppose 2*d - 7 = -3*w, 5*d = -2*w + 12 - 0. Suppose -4*j - d*k = -2*j - 54, j = k + 19. What is the remainder when j is divided by 13?
10
Let o(n) = n**3 - 6*n**2 + 4*n + 10. Calculate the remainder when o(7) is divided by 18.
15
Let k(m) = 10*m**2 + 3. What is the remainder when k(3) is divided by 32?
29
Suppose 4*x - 127 = -3*c, 3*c + 7*x = 4*x + 123. Let p(s) = -s + 20. Calculate the remainder when c is divided by p(7).
11
Suppose -3*r + 10 = j, 4*r = -3*j + 19 + 1. Calculate the remainder when 29 is divided by (-16 - -5)/(r + -3).
7
Let l be -1 - -1*(1 + -1). Let g = 59 + -57. What is the remainder when 22 is divided by g + (0 - l*6)?
6
Let q = -21 + 46. What is the remainder when 59 is divided by (q/15)/((-1)/(-12))?
19
Suppose -2*d - 4*f = 4, 2*d + 7*f = 2*f - 9. Suppose q - 7 = 4. Suppose 4*k = 2*p - 8 - 6, -2*p + k + q = 0. Calculate the remainder